. Determine k(-5).
17
Let q(x) = 9*x + 21. What is q(-2)?
3
Let t(g) = -g**3 + 17*g**2 + 2*g - 41. Calculate t(17).
-7
Let a(n) = n**3 + 25*n**2 + 3*n + 26. Calculate a(-25).
-49
Let h(i) = 5*i + 46. Determine h(-10).
-4
Let v(l) = -l**3 - 2*l**2 + l + 4. Give v(-3).
10
Let s(y) = -20*y + 4. Calculate s(2).
-36
Let q(w) = 8*w - 2. Give q(4).
30
Let q(b) = 2*b. Determine q(-5).
-10
Let x(q) = -10*q - 38. Give x(-3).
-8
Let v(o) = 5*o - 6. Calculate v(-7).
-41
Let l(i) = 7*i**3 + 2*i**2 - 3*i. What is l(1)?
6
Let l(u) = u**3 - 7*u**2 - 20*u + 17. What is l(9)?
-1
Let v(f) = 6*f**2 + 517*f + 83. Determine v(-86).
-3
Let t(i) = i + 2. Determine t(-2).
0
Let t(j) = 2*j + 13. Calculate t(-7).
-1
Let x(c) = 3*c + 6. Determine x(-2).
0
Let k(g) = g**2 - 13*g - 41. Determine k(-3).
7
Let u(a) = a + 15. Determine u(0).
15
Let m(l) = l**3 + 4*l**2 + l - 7. What is m(-4)?
-11
Let p(d) = -2*d + 22. Give p(22).
-22
Let p(d) = d**3 - 16*d**2 + d - 17. Give p(16).
-1
Let w(b) = b**3 + 10*b**2 - 12*b - 15. Give w(-11).
-4
Let o(x) = -3*x**2 + 2*x. Give o(1).
-1
Let i(z) = -4*z + 69. Determine i(19).
-7
Let k(r) = -3*r - 8. Give k(-6).
10
Let z(h) = -h - 11. Determine z(-10).
-1
Let w(b) = -4*b**3 - 2*b**2 + 1. Determine w(-1).
3
Let c(t) = 39*t - 2. Give c(-3).
-119
Let y(u) = u**2 - 11*u + 10. Calculate y(10).
0
Let s(j) = j**3 - 7*j**2 + 9*j - 6. Give s(6).
12
Let j(t) = t**3 + 53*t**2 + 103*t + 59. What is j(-51)?
8
Let z(a) = -a**3 + 7*a**2 + 10*a - 17. Give z(8).
-1
Let y(w) = w**2 - 10*w + 22. Calculate y(7).
1
Let m(k) = -2*k**3 - 32*k**2 + k + 39. Determine m(-16).
23
Let f(l) = 2*l**2 + 10*l + 1. Give f(-7).
29
Let t(h) = 41*h**2 + h + 1. Determine t(-1).
41
Let l(f) = -f**3 - 8*f**2 - 4*f - 96. What is l(-9)?
21
Let l(k) = 10*k**2 - 1. Calculate l(2).
39
Let r(c) = c**3 + 7*c**2 + c - 25. Give r(-5).
20
Let l(v) = -2*v**3 + 5*v**2 + 3*v - 3. Determine l(4).
-39
Let k(q) = -11*q + 25. What is k(5)?
-30
Let i(x) = -15*x**2 + 2*x + 1. What is i(-1)?
-16
Let r(d) = -d**3 + 28*d**2 - 28*d + 6. What is r(27)?
-21
Let t(d) = d**2 - 2*d - 6. Determine t(-2).
2
Let h(j) = -6*j + 200. Give h(34).
-4
Let c(d) = -8*d - 192. What is c(-26)?
16
Let x(f) = 2*f - 39. Give x(-11).
-61
Let q(h) = -44*h - 121. Determine q(-3).
11
Let m(j) = j**3 + 32*j**2 - 69*j - 20. What is m(-34)?
14
Let w(z) = -z**3 + 25*z**2 - 23*z - 27. Calculate w(24).
-3
Let q(a) = -a**3 - 16*a**2 + 55*a - 41. What is q(-19)?
-3
Let s(l) = 6*l + 80. Determine s(-13).
2
Let u(v) = -30*v**2 + v. Calculate u(-1).
-31
Let q(c) = c**3 + 7*c**2 + 6*c - 1. What is q(-6)?
-1
Let l(s) = s**2 - s - 2. What is l(3)?
4
Let m(g) = 7*g - 3. Determine m(0).
-3
Let h(s) = 4*s**2 - 16*s - 1. Give h(4).
-1
Let w(i) = 2*i**2 - 3*i + 1. What is w(0)?
1
Let s(b) = -14*b + 2. Calculate s(-2).
30
Let i(s) = 7*s**2 + 2*s + 3. Give i(-2).
27
Let l(v) = -v - 4. Determine l(-9).
5
Let n(r) = r**2 - 4*r. Determine n(8).
32
Let d(x) = -x**2 - 2*x + 7. Determine d(0).
7
Let o(w) = -6*w**2 + 57*w - 13. Determine o(9).
14
Let r(p) = -19*p**2 + 2*p. Calculate r(2).
-72
Let w(v) = v**2 + 10*v - 15. What is w(-5)?
-40
Let y(r) = -r**2 - 11*r + 4. Give y(-8).
28
Let b(f) = 4*f - 1. Determine b(1).
3
Let p(v) = -20*v + 1. Determine p(2).
-39
Let n(u) = u**3 - 2*u**2 + u - 1. What is n(1)?
-1
Let z(o) = o**3 + 14*o**2 + 11*o - 13. Give z(-13).
13
Let g(v) = -20*v + 1. What is g(1)?
-19
Let c(j) = 2*j - 2. Determine c(4).
6
Let n(l) = -2*l**2 - 61*l - 31. Calculate n(-30).
-1
Let y(d) = -d**3 - 10*d**2 + d + 17. Give y(-10).
7
Let p(o) = -o**3 + 5*o**2 - 9*o - 1. Determine p(4).
-21
Let r(u) = -u**2 - 3*u - 9. What is r(-4)?
-13
Let l(s) = s**3 - 4*s - 3. Give l(-1).
0
Let z(x) = x**2 + 3*x + 9. Give z(-4).
13
Let o(g) = -101*g + 900. What is o(9)?
-9
Let p(g) = g**3 - 4*g**2 - 8*g + 2. Give p(6).
26
Let t(f) = -2*f**3 + f**2 - 2*f. Give t(1).
-3
Let d(o) = o - 9. Calculate d(4).
-5
Let x(q) = 2*q**2 - 49*q + 253. Give x(17).
-2
Let a(t) = -t**3 + 5*t**2 - 6*t + 2. Determine a(4).
-6
Let p(u) = -u + 4. What is p(5)?
-1
Let d(s) = s**2 + s + 7. What is d(11)?
139
Let y(q) = q**3 - 13*q**2 + 14*q - 21. Calculate y(12).
3
Let i(o) = -o**3 - 13*o**2 + 14*o + 6. Calculate i(-14).
6
Let i(f) = -f**2 - 6*f - 8. Calculate i(-5).
-3
Let x(z) = z**2 + 13*z - 10. Determine x(-15).
20
Let w(h) = -h**3 + 17*h**2 - 17*h + 19. What is w(16)?
3
Let q(y) = 8*y + 132. Calculate q(-16).
4
Let g(c) = c + 22. Give g(-19).
3
Let p(d) = d - 7. Calculate p(11).
4
Let u(c) = -33*c**3 - c**2 - 2*c - 1. What is u(-1)?
33
Let t(j) = -8*j + 14. What is t(4)?
-18
Let q(j) = j**2 - j - 4. Give q(6).
26
Let q(h) = h**2 + 10*h + 4. Give q(-5).
-21
Let f(z) = -2*z**2 + 10. Calculate f(3).
-8
Let a(c) = 4*c**2 + 6*c - 7. Determine a(0).
-7
Let p(g) = g**3 - 2*g**2 - 5*g + 3. What is p(3)?
-3
Let d(o) = -o**3 + o**2 + o - 35. What is d(0)?
-35
Let t(x) = x**3 + 10*x**2 + x - 7. Calculate t(-10).
-17
Let n(s) = -s**2 + 8*s + 115. What is n(-7)?
10
Let w(d) = d**2 + 4*d - 21. Give w(4).
11
Let l(z) = 3*z + 8. Calculate l(-4).
-4
Let n(o) = o + 6. What is n(5)?
11
Let z(r) = -4*r**2 + 41*r + 34. Calculate z(11).
1
Let q(d) = d**3 - 6. Calculate q(0).
-6
Let t(o) = o**2 - 7*o. Determine t(7).
0
Let n(c) = -c**3 - 3*c**2 + 2*c + 2. Give n(0).
2
Let f(l) = 5*l - 64. Give f(13).
1
Let i(z) = -7*z**2 + 37*z + 4. Determine i(5).
14
Let s(i) = -i**2 - 11*i - 11. What is s(-1)?
-1
Let o(d) = -d**3 - 5. Calculate o(0).
-5
Let o(w) = -w**3 + 5*w**2 - w + 1. Give o(5).
-4
Let w(v) = v**3 + 7*v**2 + 3*v - 15. What is w(-4)?
21
Let d(z) = z**3 + 7*z**2 - 3*z - 10. Give d(-7).
11
Let j(o) = 3*o. Calculate j(-3).
-9
Let h(t) = -2*t**3 - t**2 + 4*t - 1. What is h(3)?
-52
Let p(y) = -y - 7. What is p(-4)?
-3
Let f(h) = -2*h + 16. What is f(3)?
10
Let s(n) = 11*n. Calculate s(1).
11
Let f(q) = q**3 - 5*q**2 + 3*q - 10. Give f(6).
44
Let b(x) = -12*x**2 - 2*x + 2. Calculate b(2).
-50
Let q(p) = p**3 + p**2 + p. Give q(2).
14
Let m(r) = -7*r + 81. Calculate m(11).
4
Let y(t) = -4*t**2 + 2*t + 1. Give y(3).
-29
Let v(g) = g**3 + 10*g**2 + 8*g - 3. What is v(-8)?
61
Let s(l) = -l**3 + 6*l**2 + 5*l. What is s(6)?
30
Let q(r) = -r**3 + 10*r**2 - 7*r - 15. Calculate q(9).
3
Let a(y) = -y**2 + 31*y - 211. Calculate a(10).
-1
Let j(c) = -25*c - 62. What is j(-4)?
38
Let q(l) = -l**3 + 6*l**2 + 6*l + 13. Determine q(7).
6
Let x(s) = -2*s**3 + 2*s**2 - 3*s - 3. What is x(-2)?
27
Let d(f) = f**2 + 5*f - 29. Give d(-8).
-5
Let j(d) = -2*d**2 - 13*d - 1. Determine j(-7).
-8
Let b(q) = -9*q + 14. Determine b(0).
14
Let m(q) = q**2 + 24*q + 49. Give m(-2).
5
Let b(w) = w**2 - w + 54. What is b(0)?
54
Let a(m) = m - 16. Calculate a(9).
-7
Let j(q) = -q**2 - 12*q - 3. Determine j(-8).
29
Let g(c) = 3*c**3 - c**2 - 3*c - 3. Give g(3).
60
Let q(w) = w**2 + 14*w + 15. What is q(-11)?
-18
Let d(t) = 2*t + 12. What is d(-7)?
-2
Let u(k) = -21*k - 11. Determine u(5).
-116
Let c(m) = m**3 + 3*m**2 - 9*m - 13. Determine c(-4).
7
Let u(j) = -4*j + 11. Give u(-7).
39
Let t(o) = o**2 + 9*o - 14. Determine t(-10).
-4
Let z(x) = x**3 - 23*x**2 + x - 29. Give z(23).
-6
Let p(v) = 2*v**3 - 2*v**2 + 4. Give p(2).
12
Let f(i) = -i - 1. Give f(6).
-7
Let p(l) = l**3 - 2*l**2 - 5*l - 1. What is p(4)?
11
Let o(l) = -2*l**2 - l. Give o(-1).
-1
Let p(j) = 13*j + 20. What is p(-2)?
-6
Let h(f) = -f**2 - 14*f + 57. Determine h(-18).
-15
Let p(z) = 111*z - 1113. Calculate p(10).
-3
Let r(v) = -v + 37. Determine r(-11).
48
Let t(q) = -26*q**2 + 3*q + 4. Calculate t(2).
-94
Let s(h) = 2*h + 5. Determine s(-7).
-9
Let f(d) = -2*d + 12. Give f(2).
8
Let n(r) = r**3 + 16*r**2 - 26. Give n(-16).
-26
Let p(t) = -8*t - 14. Determine p(-3).
10
Let y(x) = 3*x + 4. Determine y(-9).
-23
Let d(c) = -c**3 - 6*c**2 - 8*c - 7. Give d(-4).
-7
Let u(x) = -x**2 - 36*x - 169. Give u(-6).
11
Let s(b) = -3*b - 101. Give s(-18).
-47
Let z(c) = 92*c + 275. Determine z(-3).
-1
Let j(z) = -50*z - 96. Determine j(-2).
4
Let r(h) = h**3 - 38*h**2 - 5*h + 182. Calculate r(38).
-8
Let p(c) = -c + 1. Determine p(3).
-2
Let d(v) = 14*v - 10. Calculate d(5).
60
Let z(a) = 3*a**2 + 3*a - 2. Calculate z(2).
16
Let d(u) = -u - 13. Calculate d(-17).
4
Let t(b) = 13*b + 138. What is t(-11)?
-5
Let n(j) = 98*j + 588. What is n(-6)?
0
Let y(j) = -3*j - 23. Determin